024?
0
What is the thousands digit of 7850?
7
What is the units digit of 3905?
5
What is the tens digit of 619?
1
What is the hundreds digit of 1299?
2
What is the hundreds digit of 10440?
4
What is the hundreds digit of 7835?
8
What is the tens digit of 4468?
6
What is the units digit of 119345?
5
What is the hundred thousands digit of 130624?
1
What is the thousands digit of 22215?
2
What is the thousands digit of 1379?
1
What is the hundreds digit of 15148?
1
What is the tens digit of 719?
1
What is the thousands digit of 94843?
4
What is the tens digit of 600?
0
What is the units digit of 4564?
4
What is the hundreds digit of 5320?
3
What is the thousands digit of 2732?
2
What is the units digit of 4065?
5
What is the tens digit of 15139?
3
What is the units digit of 10217?
7
What is the hundreds digit of 37226?
2
What is the thousands digit of 17376?
7
What is the tens digit of 12980?
8
What is the units digit of 9420?
0
What is the hundreds digit of 16106?
1
What is the thousands digit of 4986?
4
What is the tens digit of 23800?
0
What is the tens digit of 1586?
8
What is the tens digit of 276?
7
What is the tens digit of 1086?
8
What is the thousands digit of 3170?
3
What is the hundreds digit of 6144?
1
What is the hundreds digit of 36078?
0
What is the units digit of 2446?
6
What is the hundreds digit of 297?
2
What is the thousands digit of 5879?
5
What is the thousands digit of 2125?
2
What is the hundreds digit of 523?
5
What is the units digit of 3747?
7
What is the thousands digit of 15506?
5
What is the units digit of 157249?
9
What is the tens digit of 1575?
7
What is the thousands digit of 29268?
9
What is the hundreds digit of 70462?
4
What is the thousands digit of 5025?
5
What is the ten thousands digit of 153588?
5
What is the tens digit of 27006?
0
What is the hundreds digit of 176?
1
What is the hundreds digit of 16167?
1
What is the tens digit of 5615?
1
What is the tens digit of 28798?
9
What is the units digit of 1795?
5
What is the units digit of 1035?
5
What is the hundreds digit of 499?
4
What is the tens digit of 3384?
8
What is the thousands digit of 14449?
4
What is the hundreds digit of 10147?
1
What is the tens digit of 29494?
9
What is the ten thousands digit of 35343?
3
What is the tens digit of 56764?
6
What is the thousands digit of 18544?
8
What is the hundreds digit of 945?
9
What is the tens digit of 46657?
5
What is the tens digit of 891?
9
What is the tens digit of 12706?
0
What is the hundreds digit of 1827?
8
What is the tens digit of 820?
2
What is the thousands digit of 1793?
1
What is the units digit of 433?
3
What is the units digit of 7018?
8
What is the tens digit of 392?
9
What is the units digit of 27402?
2
What is the thousands digit of 6499?
6
What is the tens digit of 12?
1
What is the hundreds digit of 2364?
3
What is the tens digit of 99714?
1
What is the tens digit of 72109?
0
What is the units digit of 161?
1
What is the units digit of 5463?
3
What is the tens digit of 548?
4
What is the tens digit of 2950?
5
What is the hundreds digit of 13151?
1
What is the hundreds digit of 1668?
6
What is the units digit of 2548?
8
What is the ten thousands digit of 14632?
1
What is the tens digit of 11317?
1
What is the units digit of 98883?
3
What is the hundreds digit of 85070?
0
What is the thousands digit of 1793?
1
What is the hundreds digit of 3714?
7
What is the hundreds digit of 5177?
1
What is the tens digit of 1906?
0
What is the hundreds digit of 12969?
9
What is the hundreds digit of 16100?
1
What is the units digit of 11968?
8
What is the thousands digit of 69193?
9
What is the tens digit of 174258?
5
What is the thousands digit of 15647?
5
What is the thousands digit of 84911?
4
What is the tens digit of 1315?
1
What is the units digit of 5230?
0
What is the thousands digit of 13986?
3
What is the units digit of 239?
9
What is the tens digit of 999?
9
What is the tens digit of 3659?
5
What is the ten thousands digit of 14981?
1
What is the hundreds digit of 18632?
6
What is the thousands digit of 20884?
0
What is the hundreds digit of 7303?
3
What is the hundreds digit of 3912?
9
What is the thousands digit of 3084?
3
What is the ten thousands digit of 82386?
8
What is the units digit of 31659?
9
What is the thousands digit of 1004?
1
What is the tens digit of 3543?
4
What is the units digit of 1232?
2
What is the hundreds digit of 3192?
1
What is the thousands digit of 8927?
8
What is the thousands digit of 1195?
1
What is the units digit of 4879?
9
What is the thousands digit of 23945?
3
What is the units digit of 712?
2
What is the thousands digit of 16701?
6
What is the thousands digit of 1276?
1
What is the hundreds digit of 1204?
2
What is the ten thousands digit of 15013?
1
What is the hundreds digit of 68962?
9
What is the tens digit of 5422?
2
What is the hundreds digit of 1415?
4
What is the tens digit of 726?
2
What is the hundreds digit of 1506?
5
What is the hundreds digit of 4598?
5
What is the thousands digit of 6030?
6
What is the units digit of 2634?
4
What is the hundreds digit of 1042?
0
What is the tens digit of 177961?
6
What is the thousands digit of 17401?
7
What is the tens digit of 1020?
2
What is the hundreds digit of 6554?
5
What is the units digit of 51657?
7
What is the hundreds digit of 4036?
0
What is the tens digit of 7105?
0
What is the units digit of 3786?
6
What is the hundreds digit of 19325?
3
What is the hundreds digit of 34078?
0
What is the thousands digit of 135176?
5
What is the tens digit of 3508?
0
What is the tens digit of 1497?
9
What is the hundreds digit of 5776?
7
What is the tens digit of 39923?
2
What is the hundreds digit of 1304?
3
What is the hundreds digit of 92129?
1
What is the tens digit of 2807?
0
What is the hundreds digit of 42091?
0
What is the hundreds digit of 1694?
6
What is the units digit of 69366?
6
What is the tens digit of 945?
4
What is the units digit of 945?
5
What is the ten thousands digit of 126696?
2
What is the hundreds digit of 75281?
2
What is the hundreds digit of 1022?
0
What is the tens digit of 2188?
8
What is the hundreds digit of 3614?
6
What is the hundreds digit of 8649?
6
What is the tens digit of 1171?
7
What is the thousands digit of 29995?
9
What is the units digit of 320?
0
What is the ten thousands digit of 85736?
8
What is the units digit of 470?
0
What is the tens digit of 6281?
8
What is the ten thousands digit of 25808?
2
What is the tens digit of 3569?
6
What is the units digit of 1345?
5
What is the hundreds digit of 18643?
6
What is the thousands digit of 3193?
3
What is the tens digit of 1032?
3
What is the tens digit of 413?
1
What is the thousands digit of 4486?
4
What is the hundreds digit of 1517?
5
What is the tens digit of 2783?
8
What is the hundreds digit of 446?
4
What is the hundreds digit of 25442?
4
What is the ten thousands digit of 12710?
1
What is the units digit of 545?
5
What is the ten thousands digit of 53226?
5
What is the tens digit of 81979?
7
What is the thousands digit of 14750?
4
What is the hundreds digit of 167?
1
What is the thousands digit of 1547?
1
What is the units digit of 12190?
0
What is the thousands digit of 1561?
1
What is the thousands digit of 5247?
5
What is the tens digit of 1514?
1
What is the units digit of 3734?
4
What is the hundreds digit of 37520?
5
What is the ten thousands digit of 11031?
1
What is the tens digit of 9152?
5
What is the units digit of 5202?
2
What is the hundreds digit of 7406?
4
What is the tens digit of 37814?
1
What is the hundreds digit of 3018?
0
What is the hundreds digit of 66361?
3
What is the hundreds digit of 15175?
1
What is the tens digit of 3352?
5
What is the units digit of 585?
5
What is the tens digit of 166765?
6
What is the hundreds digit of 647?
6
What is the units digit of 35033?
3
What is the thousands digit of 3431?
3
What is the thousands digit of 46290?
6
What is the tens digit of 117?
1
What is the hundreds digit of 93987?
9
What is the tens digit of 13579?
7
What is the hundreds digit of 1847?
8
What is the units digit of 1337?
7
What is the hundreds digit of 29830?
8
What is the units digit of 2015?
5
What is the thousands digit of 17616?
7
What is the tens digit of 39669?
6
What is the